se 2*u - o = u + 1272, u - 1278 = 4*o. What are the prime factors of u?
2, 5, 127
Let r = 61 - 47. Suppose 2*c - 18 - r = 0. What are the prime factors of c?
2
Let o(m) = 4*m**2 + 10*m - 6. Let n be o(7). Suppose 258*i - n*i + 370 = 0. What are the prime factors of i?
5, 37
Let q(y) = -5*y + 5. Let r be q(-3). What are the prime factors of (15/r)/((-1)/(-24))?
2, 3
Let i(l) = 196*l + 451. What are the prime factors of i(12)?
2803
Suppose 7 = 3*t - 2. Let a be -1*t*6/(-9). Suppose b + 2*o = a + 33, 15 = -3*o. What are the prime factors of b?
3, 5
Suppose -50 = -2*j - 3*j - 5*k, -j + k = 0. Suppose -j*a - 4*u = -6*u + 37, a - 3*u + 10 = 0. What are the prime factors of ((-73)/7 + 1)*a?
2, 3, 11
Let p(c) = -c**3 + 10*c**2 + 33*c + 15. List the prime factors of p(11).
257
Suppose -4*x + 0*x - 4 = 0. Let j = x + 4. List the prime factors of (-6)/j*(-115)/10.
23
Let x = 5 + -5. Suppose x = -d + 3*d - 6. Suppose -d*v + 2*m = -8*v + 42, m + 7 = v. List the prime factors of v.
2
Suppose 0 = 4*s - 20, 2*s - 7 = -3*m + 3*s. List the prime factors of (34 + 0 - m)*(-8)/(-5).
2, 3
Suppose -2020 = -2*a + 3*r, -a = -21*r + 24*r - 992. List the prime factors of a.
2, 251
List the prime factors of 5*1213*(-1)/(-5).
1213
Let p(y) be the second derivative of y**3 - 10*y**2 + 34*y. What are the prime factors of p(5)?
2, 5
Let k = -344 + 807. What are the prime factors of k?
463
Suppose -4*y - 36 - 7 = -5*b, -4*y + 34 = 2*b. Let c = -1 + b. Suppose x + 2*v = -2*v - 8, 0 = 2*v + c. What are the prime factors of x?
2, 3
Suppose 3*l = 3*w - 6 + 3, -w + 5 = -5*l. Suppose -5*m + 12 + 83 = w. What are the prime factors of m?
19
Let j(o) = -31*o - 10*o - 3 + 0*o. Let p be j(-1). Suppose 2*c - 6 = p. List the prime factors of c.
2, 11
Suppose -4*s = -0*s - 16. Let u be 3 + 0 + 0/s. Suppose 0 = u*x - 0*x - 108. What are the prime factors of x?
2, 3
Let t be (-276)/(-23)*(-1)/2. Let b = 38 + t. What are the prime factors of b?
2
Let j be (-7)/35*-159 + 2/10. Suppose 5*a - 55 = 55. Let d = j - a. List the prime factors of d.
2, 5
Let w(b) = -b**3 + 22*b**2 - 20*b - 19. Let z be w(21). Suppose -3*h + 108 + 150 = z*g, -5*h = g - 437. List the prime factors of h.
2, 11
Suppose 4*u - 2 = 2*g - 0, -2*u - 29 = 5*g. What are the prime factors of (u/4)/((-4)/440)?
5, 11
Suppose 20 = 2*o + 3*o. Suppose 1243 = -o*g + 283. List the prime factors of g/(-56) + 4/(-14).
2
Let f be ((-1)/2)/((-14)/28). Let q be 675/(-12) + f/4. Let k = 83 + q. What are the prime factors of k?
3
Let q(n) = 3*n + 1 - 1 - 7. Let z be (-1144)/(-117) + 2/9. List the prime factors of q(z).
23
Let o = 28 - 28. Suppose t + 7 - 9 = o. Suppose 173 = 3*p + t. What are the prime factors of p?
3, 19
What are the prime factors of (3 + 1)*(460 - 2 - -4)?
2, 3, 7, 11
Suppose 41*k = 25*k + 29232. List the prime factors of k.
3, 7, 29
Let x be (2 + -2)/(4/2). Let h = 14 + -12. Suppose x = -w + h*w - 19. What are the prime factors of w?
19
Let q(i) be the first derivative of 3*i**2/2 + 26*i + 15. What are the prime factors of q(-6)?
2
List the prime factors of (6/9)/((-4)/(-114)).
19
Let p = 2361 - 502. List the prime factors of p.
11, 13
What are the prime factors of 665/2 + 24/(-48)?
2, 83
Let s = -3262 - -2152. What are the prime factors of (4/(-3))/(20/s)?
2, 37
Suppose 0 = -q - m + 4*m + 8, 0 = -4*q + m + 32. Let u(i) = 2*i**2 + i + 7. Let a be u(3). Suppose -h + a = q. What are the prime factors of h?
2, 5
Let l be 3/9 + (-330)/18. What are the prime factors of 20/90 - 1256/l?
2, 5, 7
Suppose -162 = -3*f + 2325. What are the prime factors of f?
829
Let j = -26 - -30. Suppose 2*q + a = -a + 168, -j*a = 3*q - 253. List the prime factors of 5/10 - q/(-2).
2, 3, 7
Let r be (-48)/(-26) - 2/(-13). Suppose -c + 0*c + 82 = r*v, -12 = 3*v. What are the prime factors of c?
2, 3, 5
Suppose -10 = -7*q + 5*q. Let d(s) = 4*s**3 - 7*s**2 + 2*s + 5. Let g be d(q). List the prime factors of g/12 + (-4)/12.
2, 7
Let s be 4*(45/(-20))/(-3). What are the prime factors of ((-14)/s)/(30/(-45))?
7
Suppose 0 = -3*w + 160 - 43. Let p = 55 - w. Let h = p + 7. List the prime factors of h.
23
Suppose 5*s - 1309 = u, -2*s + u = 2*s - 1048. Suppose 19*f - s = 16*f. What are the prime factors of f?
3, 29
Let y = -16 - -17. Let a(t) = 9*t**2 - t. Let b be a(y). Let u = 10 - b. List the prime factors of u.
2
Let o(v) = 3*v**2 - 46*v + 29. List the prime factors of o(-24).
2861
Let j = 1251 - 499. List the prime factors of j.
2, 47
Let n(z) = -3*z - 23*z**3 + 9*z**3 - 11*z**3 + 25*z**2 - 26*z**2 + 2. List the prime factors of n(-2).
2, 3, 17
Suppose 6 = -5*v + 4*d - 9, 3*v + d - 8 = 0. Let t = v + -1. Suppose 0*c + c + 4*q = -8, 5*c + 5*q - 20 = t. List the prime factors of c.
2
Let y(r) = 2*r + 4*r + 3 - 5*r. Let o be y(8). Suppose 3*m - 5*w = 23 + o, -5*m = -4*w - 35. List the prime factors of m.
3
Let o = -706 + 1503. What are the prime factors of o?
797
Suppose 0 = -3*t - 3*j + 4 + 5, 0 = 2*t + 3*j - 1. Let y be -6 + t - (0 + -1). Suppose 4*o = 5 + y. What are the prime factors of o?
2
Let y(z) = z**3 + 4*z**2 - 5*z - 1. Let h be y(4). Let c = 162 - h. Let d = c - 22. List the prime factors of d.
3, 11
Suppose 2*m + 5*u + 8 = 0, m - u - 2 - 1 = 0. What are the prime factors of 12/(m - -3) - -110?
113
What are the prime factors of 6/(36/21)*(-732)/(-7)?
2, 3, 61
Suppose 5 = -2*n + 3. What are the prime factors of -2 - -52 - (0 - n)?
7
Let a = -269 + 1117. List the prime factors of a.
2, 53
Let q(m) = m**3 - 11*m**2 + 11*m + 10. Let h(i) = i**2 - 3*i. Let l be h(5). Suppose 3*p = 2*s + 30, 3*p = 4*p + 4*s - l. List the prime factors of q(p).
2, 5
Let m = -685 - -1223. What are the prime factors of m?
2, 269
Suppose -17*k = 2*k - 6270. List the prime factors of k.
2, 3, 5, 11
Suppose -75 = -3*b + 3. Suppose b = 2*o + 4*y, 5*o + y = 4*o + 13. List the prime factors of o.
13
Let q(g) = 5*g**2 - 6*g + 5. Let o = 19 - 15. List the prime factors of q(o).
61
Suppose -f + 3*i = -1324, 5*f = 4*i + 819 + 5812. What are the prime factors of f?
1327
Let t = -19 - -11. Let k = t - 8. List the prime factors of (k - -1)/(-3) - 0.
5
Let a(l) = 0 - 3 + 4*l**2 - 2 + l. Let v be a(-3). Suppose -f + v = -0*f. What are the prime factors of f?
2, 7
Suppose 4*o - 1 - 1 = -z, -o + 14 = -2*z. Let v(b) = -6*b - 20. Let u(t) = -7*t - 20. Let q(c) = z*v(c) + 5*u(c). List the prime factors of q(14).
2, 17
Let w(p) = -144*p - 20. What are the prime factors of w(-3)?
2, 103
Let g(n) be the third derivative of -n**4/12 - n**3/3 - n**2. Let t be g(-2). Suppose 4*c - 5*c - 2*k = -1, t*k + 29 = 5*c. What are the prime factors of c?
5
Suppose -5*t - 160 = -z, -2*t + 417 = 4*z - 135. Suppose -d + 4*d = -4*n + 142, -5*n = 3*d - z. Suppose 0 = -3*f + d + 94. What are the prime factors of f?
2, 3
Suppose 3*k + f + 15 = 0, 2*k - 2*f = 3*f - 10. Let z(q) = -q**2 - 8*q - 4. Let o be z(k). List the prime factors of ((-22)/o)/((-4)/66).
3, 11
Suppose n = 9*n - 32. Suppose -n*s + 5*s - 299 = 0. What are the prime factors of s?
13, 23
Let g(v) = 3*v**3 + 5*v**2 - 11*v. Let o(z) = -2*z**3 - 3*z**2 + 6*z. Let h(u) = -6*g(u) - 11*o(u). Let k be h(-2). Let t = 38 + k. List the prime factors of t.
2, 3
Suppose -3*r + 168 = -0*r. Let z = r + 34. Suppose n + z = 6*n. List the prime factors of n.
2, 3
Suppose 6 = -2*t, 4*t + 8 + 10 = 3*d. Suppose -3*v - 91 = -6*v - q, -v = -d*q - 35. What are the prime factors of v?
31
Suppose 43*q = 29*q + 784. What are the prime factors of q?
2, 7
Let n = 11 - 153. Let f = 210 + n. List the prime factors of f.
2, 17
Let o = -106 - -162. Suppose 5*h - 73 + 29 = -3*u, 5*u + 4*h - o = 0. Suppose -64 = -2*z - 4*j, z - 11 = -3*j + u*j. What are the prime factors of z?
2, 13
Let v(s) = -s**3 - s**2 - s - 1. Let x be v(0). List the prime factors of (-8835)/(-60) + x/4.
3, 7
What are the prime factors of 6 - -661 - 25/(-4 - 1)?
2, 3, 7
Let v = 17 - 17. Suppose 4*q - 284 = -v*q. What are the prime factors of q?
71
Let l(p) = 22*p**2 + 3*p - 10. Let s be l(6). Suppose -2*b = 3*b - s. List the prime factors of b.
2, 5
Let p be 8 + -4 - (-3)/3. Let b be (-11 + p)*(-1)/(-2). Let l = b + 17. What are the prime factors of l?
2, 7
Suppose 95*u - 368544 = 159656. List the prime factors of u.
2, 5, 139
Let a = -356 + 621. What are the prime factors of a?
5, 53
Let z = 589 + -277. Li